(base 13) in base 8?
27
Convert 21022 (base 3) to base 14.
101
-110 (base 4) to base 11
-19
What is -1034 (base 7) in base 8?
-560
What is 1 (base 14) in base 9?
1
-300 (base 9) to base 7
-465
1a (base 12) to base 11
20
c (base 15) to base 10
12
-46 (base 8) to base 10
-38
3 (base 13) to base 7
3
What is 103 (base 12) in base 8?
223
2 (base 11) to base 10
2
What is -1133 (base 4) in base 16?
-5f
What is -2 (base 13) in base 9?
-2
Convert -7 (base 9) to base 15.
-7
Convert 47 (base 10) to base 8.
57
What is -83 (base 14) in base 9?
-137
What is -3 (base 4) in base 12?
-3
Convert 2 (base 13) to base 8.
2
Convert -8c (base 15) to base 8.
-204
Convert 38 (base 13) to base 16.
2f
4 (base 10) to base 9
4
What is -14 (base 7) in base 3?
-102
Convert 10 (base 11) to base 16.
b
50 (base 16) to base 11
73
Convert -76 (base 14) to base 16.
-68
214 (base 5) to base 12
4b
-12 (base 3) to base 8
-5
Convert 32 (base 14) to base 9.
48
What is -33 (base 11) in base 6?
-100
Convert -10101 (base 2) to base 12.
-19
Convert 15 (base 11) to base 15.
11
What is 22 (base 4) in base 11?
a
What is -6 (base 15) in base 8?
-6
What is -1102 (base 3) in base 5?
-123
3 (base 14) to base 9
3
What is -10 (base 16) in base 4?
-100
What is -20 (base 3) in base 4?
-12
What is 2 (base 8) in base 13?
2
-10 (base 6) to base 10
-6
Convert -1111101 (base 2) to base 5.
-1000
4 (base 11) to base 6
4
What is 3 (base 4) in base 5?
3
Convert -b (base 14) to base 7.
-14
106 (base 13) to base 10
175
Convert 234 (base 7) to base 5.
443
-1 (base 2) to base 8
-1
Convert 3 (base 16) to base 15.
3
5 (base 13) to base 6
5
What is -14 (base 9) in base 5?
-23
12 (base 3) to base 8
5
446 (base 7) to base 5
1410
Convert -2 (base 4) to base 5.
-2
Convert 4 (base 15) to base 6.
4
Convert -435 (base 8) to base 7.
-555
Convert -1 (base 8) to base 13.
-1
What is 3 (base 8) in base 10?
3
Convert 4 (base 6) to base 3.
11
Convert -34 (base 15) to base 8.
-61
What is 66 (base 7) in base 15?
33
What is c (base 16) in base 7?
15
What is 1 (base 2) in base 5?
1
39 (base 11) to base 16
2a
Convert -3 (base 5) to base 14.
-3
What is -5 (base 8) in base 15?
-5
3 (base 15) to base 4
3
What is -201 (base 3) in base 14?
-15
-6 (base 11) to base 15
-6
What is -16 (base 7) in base 9?
-14
Convert 4 (base 10) to base 4.
10
-11 (base 6) to base 10
-7
6 (base 15) to base 4
12
What is 25 (base 7) in base 10?
19
Convert 175 (base 10) to base 7.
340
Convert 4a (base 16) to base 6.
202
-132 (base 7) to base 5
-242
What is 3 (base 14) in base 5?
3
What is 1 (base 7) in base 9?
1
What is -8 (base 14) in base 5?
-13
What is 3 (base 15) in base 3?
10
What is 1 (base 6) in base 11?
1
What is 15 (base 14) in base 11?
18
Convert 2 (base 11) to base 12.
2
-22 (base 4) to base 12
-a
What is 7 (base 11) in base 6?
11
What is 45 (base 7) in base 14?
25
What is -2 (base 16) in base 4?
-2
Convert -3 (base 14) to base 3.
-10
1b (base 13) to base 9
26
What is -70 (base 8) in base 4?
-320
Convert 3 (base 10) to base 7.
3
What is 25 (base 8) in base 5?
41
What is 10 (base 5) in base 7?
5
Convert 1131 (base 4) to base 15.
63
-1 (base 8) to base 10
-1
Convert 32 (base 10) to base 5.
112
Convert 4 (base 7) to base 12.
4
What is -1 (base 2) in base 13?
-1
57 (base 10) to base 12
49
-1 (base 12) to base 7
-1
Convert 122 (base 3) to base 11.
16
117 (base 15) to base 13
160
1220 (base 6) to base 15
150
3 (base 16) to base 14
3
-3 (base 8) to base 4
-3
Convert 10 (base 7) to base 9.
7
-4 (base 13) to base 5
-4
What is -2 (base 4) in base 5?
-2
Convert -122 (base 3) to base 15.
-12
Convert 31 (base 13) to base 6.
104
Convert -2 (base 11) to base 8.
-2
Convert 40 (base 15) to base 4.
330
What is 4 (base 16) in base 3?
11
1 (base 10) to base 3
1
Convert -6 (base 15) to base 5.
-11
What is 110010 (base 2) in base 4?
302
Convert 10 (base 12) to base 16.
c
What is 0 (base 15) in base 8?
0
Convert 111 (base 3) to base 10.
13
What is 2 (base 5) in base 13?
2
Convert 5 (base 7) to base 10.
5
What is -30 (base 11) in base 14?
-25
Convert 1 (base 2) to base 6.
1
Convert 231 (base 5) to base 15.
46
Convert 97 (base 16) to base 8.
227
Convert -4 (base 13) to base 16.
-4
What is -11 (base 2) in base 12?
-3
What is 3 (base 8) in base 4?
3
Convert -113 (base 4) to base 11.
-21
Convert -22 (base 8) to base 3.
-200
Convert 1 (base 12) to base 5.
1
What is 31 (base 10) in base 14?
23
What is -11 (base 10) in base 4?
-23
-41 (base 8) to base 3
-1020
Convert 3 (base 7) to base 4.
3
Convert 134 (base 7) to base 4.
1022
Convert 322 (base 4) to base 11.
53
What is 54 (base 12) in base 15?
44
Convert 20 (base 3) to base 13.
6
What is -33 (base 8) in base 2?
-11011
1202 (base 3) to base 8
57
What is -19 (base 16) in base 2?
-11001
-42 (base 8) to base 10
-34
-120 (base 13) to base 11
-168
4 (base 15) to base 16
4
12020 (base 3) to base 16
8d
Convert 65 (base 8) to base 3.
1222
What is -66 (base 10) in base 5?
-231
2 (base 14) to base 16
2
Convert 4 (base 14) to base 6.
4
What is -79 (base 14) in base 16?
-6b
-10 (base 2) to base 11
-2
Convert -2 (base 16) to base 10.
-2
-269 (base 10) to base 4
-10031
0 (base 8) to base 4
0
What is 5 (base 6) in base 9?
5
3 (base 6) to base 3
10
Convert -7 (base 16) to base 3.
-21
Convert 11 (base 3) to base 7.
4
What is -3 (base 4) in base 15?
-3
What is 5 (base 16) in base 3?
12
-50 (base 10) to base 11
-46
What is -3 (base 14) in base 5?
-3
Convert -10001000 (base 2) to base 7.
-253
What is -234 (base 5) in base 16?
-45
What is 4b (base 14) in base 8?
103
a (base 15) to base 10
10
What is 4 (base 6) in base 3?
11
What is -56 (base 7) in base 12?
-35
What is 34 (base 6) in base 12?
1a
220 (base 11) to base 4
10020
Convert -1 (base 6) to base 15.
-1
Convert 3 (base 13) to base 5.
3
-5 (base 6) to base 11
-5
What is 33 (base 12) in base 7?
54
Convert -a8 (base 13) to base 3.
-12010
Convert -23 (base 4) to base 16.
-b
What is -23 (base 7) in base 10?
-17
What is -1 (base 7) in base 8?
-1
-422 (base 5) to base 8
-160
What is 1 (base 7) in base 2?
1
111 (base 2) to base 11
7
What is 0 (base 3) in base 7?
0
4 (base 14) to base 4
10
-42 (base 7) to base 9
-33
Convert c (base 15) to base 6.
20
-d (base 14) to base 16
-d
a (base 11) to base 6
14
Convert 14 (base 11) to base 9.
16
What is 1 (base 5) in base 3?
1
78 (base 12) to base 9
112
What is 4 (base 13) in base 12?
4
What is -3 (base 6) in base 8?
-3
What is 10013 (base 4) in base 5?
2023
What is -121 (base 14) in base 7?
-441
What is -10021 (base 3) in base 5?
-323
Convert -1 (base 3) to base 4.
-1
-1 (base 6) to base 4
-1
Convert -3 (base 13) to base 5.
-3
What is 1001 (base 3) in base 9?
31
15 (base 6) to base 11
10
Convert 201 (base 4) to base 13.
27
Convert -265 (base 12) to base 5.
-2430
What is 54 (base 8) in base 4?
230
-29 (base 14) to base 6
-101
Convert -11 (base 2) to base 9.
-3
-31 (base 13) to base 8
-50
10 (base 16) to base 3
121
35 (base 15) to base 7
101
What is -270 (base 11) in base 15?
-164
Convert a (base 16) to base 7.
13
Convert -101 (base 2) to base 8.
-5
What is -21 (base 11) in base 14?
-19
Convert 223 (base 6) to base 12.
73
Convert -105 (base 7) to base 12.
-46
11 (base 9) to base 4
22
What is 11 (base 3) in base 5?
4
Convert -7 (base 16) to base 5.
-12
-33 (base 11) to base 9
-40
-4 (base 10) to base 3
-11
Convert -324 (base 8) to base 13.
-134
1010 (base 2) to base 12
a
Convert 120 (base 3) to base 9.
16
Convert -16 (base 13) to base 10.
-19
Convert 10 (base 6) to base 5.
11
What is 2 (base 10) in base 4?
2
What is -2 (base 15) in base 6?
-2
Convert -a (base 11) to base 4.
-22
1 (base 4) to base 6
1
-124 (base 9) to base 2
-1100111
Convert -314 (base 5) to base 3.
-10010
What is 100 (base 2) in base 3?
11
What is 1010 (base 2) in base 11?
a
Convert 55 (base 15) to base 2.
1010000
-2a (base 13) to base 3
-1100
What is 102 (base 8) in base 9?
73
-82 (base 10) to base 9
-101
-196 (base 11) to base 9
-271
1131 (base 4) to base 9
113
What is 111 (base 2) in base 5?
12
-3 (base 6) to base 2
-11
-78 (base 12) to base 3
-10102
What is -14 (base 5) in base 15?
-9
-7 (base 13) to base 16
-7
-302 (base 5) to base 11
-70
What is -134 (base 5) in base 4?
-230
What is -1 (base 7) in base 14?
-1
What is -101 (base 2) in base 11?
-5
What is -21 (base 5) in base 8?
-13
Convert 21 